{"id":12,"date":"2022-04-19T12:46:23","date_gmt":"2022-04-19T17:46:23","guid":{"rendered":"https:\/\/vpssistemas.com\/?page_id=12"},"modified":"2026-03-15T19:07:29","modified_gmt":"2026-03-16T00:07:29","slug":"home","status":"publish","type":"page","link":"https:\/\/vpssistemas.com\/","title":{"rendered":"Home"},"content":{"rendered":"\n<div class=\"wp-block-cover alignfull is-light hestia-clear-top-padding\"><span aria-hidden=\"true\" class=\"wp-block-cover__background has-white-background-color has-background-dim-100 has-background-dim\"><\/span><div class=\"wp-block-cover__inner-container is-layout-flow wp-block-cover-is-layout-flow\">\n<h2 class=\"wp-block-heading has-text-align-center has-text-color\" style=\"color:#3c4858\">Elige tu Plan de Hosting Web<\/h2>\n\n\n\n<div class=\"wp-block-columns is-layout-flex wp-container-core-columns-is-layout-9d6595d7 wp-block-columns-is-layout-flex\">\n<div class=\"wp-block-column is-layout-flow wp-block-column-is-layout-flow\"><div class=\"wp-block-image\">\n<figure class=\"aligncenter size-full is-resized\"><img loading=\"lazy\" decoding=\"async\" width=\"848\" height=\"250\" src=\"https:\/\/vpssistemas.com\/wp-content\/uploads\/2022\/08\/plin-yape-paypal.png\" alt=\"\" class=\"wp-image-355\" style=\"width:424px;height:125px\" srcset=\"https:\/\/vpssistemas.com\/wp-content\/uploads\/2022\/08\/plin-yape-paypal.png 848w, https:\/\/vpssistemas.com\/wp-content\/uploads\/2022\/08\/plin-yape-paypal-300x88.png 300w, https:\/\/vpssistemas.com\/wp-content\/uploads\/2022\/08\/plin-yape-paypal-768x226.png 768w\" sizes=\"auto, (max-width: 848px) 100vw, 848px\" \/><\/figure><\/div><\/div>\n<\/div>\n\n\n\n<div class=\"wp-block-columns container is-layout-flex wp-container-core-columns-is-layout-9d6595d7 wp-block-columns-is-layout-flex\">\n<div class=\"wp-block-column is-layout-flow wp-block-column-is-layout-flow\"><div class=\"wp-block-image\">\n<figure class=\"aligncenter size-large\"><img decoding=\"async\" src=\"https:\/\/vpssistemas.com\/wp-content\/themes\/hestia\/assets\/img\/feat1.png\" alt=\"\" class=\"wp-image-70\"\/><\/figure><\/div>\n\n\n<h5 class=\"wp-block-heading has-text-align-center has-text-color\" style=\"color:#3c4858;font-size:18px\">Hosting Fast Web <\/h5>\n\n\n\n<p class=\"has-text-align-center has-text-color\" style=\"color:#999999;font-size:14px\">La soluci\u00f3n ideal para verdadero y din\u00e1mico sitio web<\/p>\n\n\n\n<p class=\"has-text-align-center has-text-color\" style=\"color:#ff003d;font-size:14px\"><\/p>\n\n\n\n<p class=\"has-text-align-center has-text-color has-large-font-size\" style=\"color:#ff003d\"><strong>S\/. 185.00 anual<\/strong><\/p>\n\n\n\n<ul style=\"color:#6a6868;font-size:15px\" class=\"wp-block-list has-background-color-background-color has-text-color has-background\">\n<li><strong>1<\/strong> Sitio web<\/li>\n\n\n\n<li><strong>10 GB<\/strong> de Almacenamiento <strong>NVMe<\/strong> SSD<\/li>\n\n\n\n<li><strong>Visitas Mensuales  Ilimitado\u00a0<\/strong><\/li>\n\n\n\n<li>5 Cuentas de correo<\/li>\n\n\n\n<li>SSL <strong>Incluido<\/strong> (valor: 11,95\u20ac) <\/li>\n\n\n\n<li>Dominio <strong>gratis<\/strong><\/li>\n\n\n\n<li>Ancho de banda Ilimitado<\/li>\n\n\n\n<li>WordPress <strong>Administrado<\/strong>\u00a0<\/li>\n\n\n\n<li>Aceleraci\u00f3n de <strong>WordPress<\/strong>\u00a0<\/li>\n\n\n\n<li>Herramienta Staging de <strong>WordPress<\/strong> \u00a0<\/li>\n\n\n\n<li>1 Bases de Datos<\/li>\n\n\n\n<li>Copias de seguridad <strong>semanales<\/strong><\/li>\n\n\n\n<li><strong>CDN Cloudflare<\/strong><\/li>\n\n\n\n<li>Protecci\u00f3n de Nameservers <strong>Cloudflare<\/strong> \u00a0<\/li>\n\n\n\n<li>Soporte <strong>24\/7\/365<\/strong> \u00a0<\/li>\n\n\n\n<li>Garant\u00eda de <strong>99.9%<\/strong> de <\/li>\n\n\n\n<li>Gesti\u00f3n de <strong>DNS<\/strong> \u00a0<\/li>\n\n\n\n<li>Administrador de <strong>Acceso<\/strong>\u00a0<\/li>\n\n\n\n<li><strong>2<\/strong> Subdominios \u00a0<\/li>\n\n\n\n<li><strong>1<\/strong> Cuenta FTP<\/li>\n<\/ul>\n\n\n\n<div class=\"wp-block-buttons is-content-justification-center is-layout-flex wp-container-core-buttons-is-layout-16018d1d wp-block-buttons-is-layout-flex\">\n<div class=\"wp-block-button has-custom-width wp-block-button__width-50 is-style-outline is-style-outline--1\"><a class=\"wp-block-button__link has-white-color has-accent-background-color has-text-color has-background has-small-font-size has-custom-font-size wp-element-button\">Comprar ahora<\/a><\/div>\n<\/div>\n<\/div>\n\n\n\n<div class=\"wp-block-column is-layout-flow wp-block-column-is-layout-flow\"><div class=\"wp-block-image\">\n<figure class=\"aligncenter size-large\"><img decoding=\"async\" src=\"https:\/\/vpssistemas.com\/wp-content\/themes\/hestia\/assets\/img\/feat2.png\" alt=\"\" class=\"wp-image-71\"\/><\/figure><\/div>\n\n\n<h5 class=\"wp-block-heading has-text-align-center has-text-color\" style=\"color:#3c4858;font-size:18px\">Hosting Premium<\/h5>\n\n\n\n<p class=\"has-text-align-center has-text-color\" style=\"color:#999999;font-size:14px\">Paquete perfecto para tu tienda online usando la mejores aplicaciones.<\/p>\n\n\n\n<p class=\"has-text-align-center has-text-color\" style=\"color:#057efd;font-size:14px\"><strong>USD$ 5.65\/mes<\/strong><\/p>\n\n\n\n<p class=\"has-text-align-center has-text-color has-large-font-size\" style=\"color:#057efd\"><strong>S\/. 295.00 anual<\/strong><\/p>\n\n\n\n<ul style=\"color:#6d6b6b;font-size:15px\" class=\"wp-block-list has-background-color-background-color has-text-color has-background\">\n<li><strong>10<\/strong> Sitios web<\/li>\n\n\n\n<li><strong>40 GB<\/strong> de Almacenamiento <strong>NVMe<\/strong> SSD<\/li>\n\n\n\n<li><strong>Visitas Mensuales  Ilimitado\u00a0<\/strong><\/li>\n\n\n\n<li>Email <strong>Gratis<\/strong> \u00a0<\/li>\n\n\n\n<li>SSL <strong>Incluido<\/strong> (valor: 11,95 \u20ac) <\/li>\n\n\n\n<li>Dominio <strong>Incluido<\/strong> (valor: 8,99 \u20ac)\u00a0<\/li>\n\n\n\n<li>Ancho de Banda <strong>Ilimitado<\/strong> <\/li>\n\n\n\n<li>WordPress <strong>Administrado<\/strong>\u00a0<\/li>\n\n\n\n<li>Aceleraci\u00f3n de <strong>WordPress<\/strong> <\/li>\n\n\n\n<li>Herramienta Staging de <strong>WordPress<\/strong> \u00a0<\/li>\n\n\n\n<li>10 Bases de datos <\/li>\n\n\n\n<li>Copias de seguridad <strong>semanales<\/strong><\/li>\n\n\n\n<li><strong>CDN Cloudflare<\/strong><\/li>\n\n\n\n<li>Protecci\u00f3n de Nameservers <strong>Cloudflare<\/strong> \u00a0<\/li>\n\n\n\n<li>Soporte <strong>24\/7\/365<\/strong> \u00a0<\/li>\n\n\n\n<li>Garant\u00eda de <strong>99.9%<\/strong> <\/li>\n\n\n\n<li>Gesti\u00f3n de <strong>DNS<\/strong> <\/li>\n\n\n\n<li>Administrador de <strong>Acceso<\/strong> <\/li>\n\n\n\n<li><strong>10<\/strong> Subdominios \u00a0<\/li>\n\n\n\n<li>10 Cuentas FTP<\/li>\n<\/ul>\n\n\n\n<div class=\"wp-block-buttons is-content-justification-center is-layout-flex wp-container-core-buttons-is-layout-16018d1d wp-block-buttons-is-layout-flex\">\n<div class=\"wp-block-button has-custom-width wp-block-button__width-50\"><a class=\"wp-block-button__link has-accent-background-color has-background has-small-font-size has-custom-font-size wp-element-button\">Comprar ahora<\/a><\/div>\n<\/div>\n<\/div>\n\n\n\n<div class=\"wp-block-column is-layout-flow wp-block-column-is-layout-flow\"><div class=\"wp-block-image\">\n<figure class=\"aligncenter size-large\"><img decoding=\"async\" src=\"https:\/\/vpssistemas.com\/wp-content\/themes\/hestia\/assets\/img\/feat3.png\" alt=\"\" class=\"wp-image-72\"\/><\/figure><\/div>\n\n\n<h5 class=\"wp-block-heading has-text-align-center has-text-color\" style=\"color:#3c4858;font-size:18px\">Hosting Empresarial VIP<\/h5>\n\n\n\n<p class=\"has-text-align-center has-text-color\" style=\"color:#999999;font-size:14px\">Optimizado para negocios peque\u00f1os y medianos<\/p>\n\n\n\n<p class=\"has-text-align-center has-text-color\" style=\"color:#22bf2e;font-size:14px\"><strong>USD$ 7.80\/mes<\/strong><\/p>\n\n\n\n<p class=\"has-text-align-center has-text-color has-large-font-size\" style=\"color:#22bf2e\"><strong>S\/. 380.00 anual<\/strong><\/p>\n\n\n\n<ul style=\"color:#737272;font-size:15px\" class=\"wp-block-list has-background-color-background-color has-text-color has-background\">\n<li><strong>20<\/strong> Sitios web<\/li>\n\n\n\n<li><strong>60 GB<\/strong> de Almacenamiento <strong>NVMe<\/strong> SSD<\/li>\n\n\n\n<li><strong>Visitas Mensuales  Ilimitado\u00a0<\/strong> <\/li>\n\n\n\n<li>Email <strong>Gratis<\/strong> \u00a0<\/li>\n\n\n\n<li>SSL <strong>Incluido<\/strong> (valor: 11,95 <\/li>\n\n\n\n<li>Dominio <strong>Incluido<\/strong> (valor: 8,99 \u20ac) \u00a0<\/li>\n\n\n\n<li>Ancho de Banda <strong>Ilimitado<\/strong>\u00a0<\/li>\n\n\n\n<li>WordPress <strong>Administrado<\/strong> <\/li>\n\n\n\n<li>Aceleraci\u00f3n de <strong>WordPress<\/strong> <\/li>\n\n\n\n<li>Herramienta Staging de <strong>WordPress<\/strong> \u00a0<\/li>\n\n\n\n<li>20 Bases de datos <\/li>\n\n\n\n<li>Copias de seguridad <strong>semanales<\/strong>(valor: 11,40 \u20ac) \u00a0<\/li>\n\n\n\n<li><strong>CDN Cloudflare<\/strong> (valor 9,95\u20ac) \u00a0<\/li>\n\n\n\n<li>Protecci\u00f3n de Nameservers <strong>Cloudflare<\/strong> \u00a0<\/li>\n\n\n\n<li>Soporte <strong>24\/7\/365<\/strong> <\/li>\n\n\n\n<li>Garant\u00eda de <strong>99.9%<\/strong> <\/li>\n\n\n\n<li>Gesti\u00f3n de <strong>DNS<\/strong> \u00a0<\/li>\n\n\n\n<li>Administrador de <strong>Acceso<\/strong> <\/li>\n\n\n\n<li><strong>20<\/strong> Subdominios \u00a0<\/li>\n\n\n\n<li>20 Cuentas FTP <\/li>\n<\/ul>\n\n\n\n<div class=\"wp-block-buttons is-content-justification-center is-layout-flex wp-container-core-buttons-is-layout-16018d1d wp-block-buttons-is-layout-flex\">\n<div class=\"wp-block-button has-custom-width wp-block-button__width-50\"><a class=\"wp-block-button__link has-accent-background-color has-background has-small-font-size has-custom-font-size wp-element-button\">Comprar ahora<\/a><\/div>\n<\/div>\n<\/div>\n<\/div>\n\n\n\n<div style=\"height:40px\" aria-hidden=\"true\" class=\"wp-block-spacer\"><\/div>\n<\/div><\/div>\n\n\n\n<div class=\"wp-block-columns container is-layout-flex wp-container-core-columns-is-layout-9d6595d7 wp-block-columns-is-layout-flex\">\n<div class=\"wp-block-column col-md-5 is-layout-flow wp-block-column-is-layout-flow\">\n<div style=\"height:55px\" aria-hidden=\"true\" class=\"wp-block-spacer\"><\/div>\n\n\n\n<h2 class=\"wp-block-heading\">Tenemos una soluci\u00f3n de alojamiento para especial para ti<\/h2>\n\n\n\n<p>Dise\u00f1a sin\u00e9rgicamente plug-and-play sin productos fabricados de \u00faltima generaci\u00f3n. Desarrollar asertivamente redes sin\u00e9rgicas.<\/p>\n<\/div>\n\n\n\n<div class=\"wp-block-column col-md-6 col-md-offset1 is-layout-flow wp-block-column-is-layout-flow\">\n<div style=\"height:55px\" aria-hidden=\"true\" class=\"wp-block-spacer\"><\/div>\n\n\n\n<figure class=\"wp-block-image size-large\"><img decoding=\"async\" src=\"https:\/\/vpssistemas.com\/wp-content\/themes\/hestia\/assets\/img\/about-content.png\" alt=\"\" class=\"wp-image-81\"\/><\/figure>\n\n\n\n<p><\/p>\n<\/div>\n<\/div>\n","protected":false},"excerpt":{"rendered":"<p>Tenemos una soluci\u00f3n de alojamiento para especial para ti Dise\u00f1a sin\u00e9rgicamente plug-and-play sin productos fabricados de \u00faltima generaci\u00f3n. Desarrollar asertivamente redes sin\u00e9rgicas.<\/p>\n","protected":false},"author":1,"featured_media":70,"parent":0,"menu_order":0,"comment_status":"closed","ping_status":"closed","template":"","meta":{"footnotes":""},"class_list":["post-12","page","type-page","status-publish","has-post-thumbnail","hentry"],"_links":{"self":[{"href":"https:\/\/vpssistemas.com\/index.php?rest_route=\/wp\/v2\/pages\/12","targetHints":{"allow":["GET"]}}],"collection":[{"href":"https:\/\/vpssistemas.com\/index.php?rest_route=\/wp\/v2\/pages"}],"about":[{"href":"https:\/\/vpssistemas.com\/index.php?rest_route=\/wp\/v2\/types\/page"}],"author":[{"embeddable":true,"href":"https:\/\/vpssistemas.com\/index.php?rest_route=\/wp\/v2\/users\/1"}],"replies":[{"embeddable":true,"href":"https:\/\/vpssistemas.com\/index.php?rest_route=%2Fwp%2Fv2%2Fcomments&post=12"}],"version-history":[{"count":69,"href":"https:\/\/vpssistemas.com\/index.php?rest_route=\/wp\/v2\/pages\/12\/revisions"}],"predecessor-version":[{"id":369,"href":"https:\/\/vpssistemas.com\/index.php?rest_route=\/wp\/v2\/pages\/12\/revisions\/369"}],"wp:featuredmedia":[{"embeddable":true,"href":"https:\/\/vpssistemas.com\/index.php?rest_route=\/wp\/v2\/media\/70"}],"wp:attachment":[{"href":"https:\/\/vpssistemas.com\/index.php?rest_route=%2Fwp%2Fv2%2Fmedia&parent=12"}],"curies":[{"name":"wp","href":"https:\/\/api.w.org\/{rel}","templated":true}]}}